{"id":859,"date":"2026-01-25T12:39:06","date_gmt":"2026-01-25T12:39:06","guid":{"rendered":"https:\/\/www.amicale-meriteagricole76.org\/?page_id=859"},"modified":"2026-01-25T14:28:03","modified_gmt":"2026-01-25T14:28:03","slug":"article-visite-de-la-bergerie-nationale-et-du-chateau-de-rambouillet","status":"publish","type":"page","link":"https:\/\/www.amicale-meriteagricole76.org\/index.php\/article-visite-de-la-bergerie-nationale-et-du-chateau-de-rambouillet\/","title":{"rendered":"Article &#8211; Visite de la Bergerie nationale et du ch\u00e2teau de Rambouillet"},"content":{"rendered":"\t\t<div data-elementor-type=\"wp-page\" data-elementor-id=\"859\" class=\"elementor elementor-859\" data-elementor-post-type=\"page\">\n\t\t\t\t<div class=\"elementor-element elementor-element-d493fd6 e-flex e-con-boxed e-con e-parent\" data-id=\"d493fd6\" data-element_type=\"container\">\n\t\t\t\t\t<div class=\"e-con-inner\">\n\t\t<div class=\"elementor-element elementor-element-9143d91 e-con-full e-flex e-con e-child\" data-id=\"9143d91\" data-element_type=\"container\">\n\t\t\t\t<div class=\"elementor-element elementor-element-9305f41 elementor-widget__width-initial elementor-widget elementor-widget-heading\" data-id=\"9305f41\" data-element_type=\"widget\" data-widget_type=\"heading.default\">\n\t\t\t\t\t<h2 class=\"elementor-heading-title elementor-size-default\">26 JUIN 2025<\/h2>\t\t\t\t<\/div>\n\t\t\t\t<div class=\"elementor-element elementor-element-ac76ff6 elementor-widget-mobile__width-initial elementor-widget-divider--view-line elementor-widget elementor-widget-divider\" data-id=\"ac76ff6\" data-element_type=\"widget\" data-widget_type=\"divider.default\">\n\t\t\t\t\t\t\t<div class=\"elementor-divider\">\n\t\t\t<span class=\"elementor-divider-separator\">\n\t\t\t\t\t\t<\/span>\n\t\t<\/div>\n\t\t\t\t\t\t<\/div>\n\t\t\t\t<\/div>\n\t\t\t\t\t<\/div>\n\t\t\t\t<\/div>\n\t\t<div class=\"elementor-element elementor-element-1e0a5df e-flex e-con-boxed e-con e-parent\" data-id=\"1e0a5df\" data-element_type=\"container\">\n\t\t\t\t\t<div class=\"e-con-inner\">\n\t\t\t\t<div class=\"elementor-element elementor-element-5628c0f elementor-widget elementor-widget-heading\" data-id=\"5628c0f\" data-element_type=\"widget\" data-widget_type=\"heading.default\">\n\t\t\t\t\t<h2 class=\"elementor-heading-title elementor-size-default\">Visite de la Bergerie nationale<\/h2>\t\t\t\t<\/div>\n\t\t\t\t<div class=\"elementor-element elementor-element-4efb4fe elementor-widget__width-initial elementor-widget elementor-widget-heading\" data-id=\"4efb4fe\" data-element_type=\"widget\" data-widget_type=\"heading.default\">\n\t\t\t\t\t<h2 class=\"elementor-heading-title elementor-size-default\">et du ch\u00e2teau de Rambouillet<\/h2>\t\t\t\t<\/div>\n\t\t\t\t<div class=\"elementor-element elementor-element-9208e48 elementor-widget elementor-widget-spacer\" data-id=\"9208e48\" data-element_type=\"widget\" data-widget_type=\"spacer.default\">\n\t\t\t\t\t\t\t<div class=\"elementor-spacer\">\n\t\t\t<div class=\"elementor-spacer-inner\"><\/div>\n\t\t<\/div>\n\t\t\t\t\t\t<\/div>\n\t\t\t\t<div class=\"elementor-element elementor-element-23bbf59 elementor-widget elementor-widget-image\" data-id=\"23bbf59\" data-element_type=\"widget\" data-widget_type=\"image.default\">\n\t\t\t\t\t\t\t\t\t\t\t\t\t\t\t<img fetchpriority=\"high\" decoding=\"async\" width=\"800\" height=\"534\" src=\"https:\/\/www.amicale-meriteagricole76.org\/wp-content\/uploads\/2026\/01\/merinos_porche-1024x683-1.jpg\" class=\"attachment-large size-large wp-image-879\" alt=\"\" srcset=\"https:\/\/www.amicale-meriteagricole76.org\/wp-content\/uploads\/2026\/01\/merinos_porche-1024x683-1.jpg 1024w, https:\/\/www.amicale-meriteagricole76.org\/wp-content\/uploads\/2026\/01\/merinos_porche-1024x683-1-300x200.jpg 300w, https:\/\/www.amicale-meriteagricole76.org\/wp-content\/uploads\/2026\/01\/merinos_porche-1024x683-1-768x512.jpg 768w\" sizes=\"(max-width: 800px) 100vw, 800px\" \/>\t\t\t\t\t\t\t\t\t\t\t\t\t\t\t<\/div>\n\t\t\t\t<div class=\"elementor-element elementor-element-7dcba36 elementor-widget elementor-widget-heading\" data-id=\"7dcba36\" data-element_type=\"widget\" data-widget_type=\"heading.default\">\n\t\t\t\t\t<h3 class=\"elementor-heading-title elementor-size-default\">Entre patrimoine, excellence agricole et transmission<\/h3>\t\t\t\t<\/div>\n\t\t\t\t<div class=\"elementor-element elementor-element-084f10e elementor-widget elementor-widget-text-editor\" data-id=\"084f10e\" data-element_type=\"widget\" data-widget_type=\"text-editor.default\">\n\t\t\t\t\t\t\t\t\t<p>Dans le cadre de ses actions, l\u2019<strong>Amicale du M\u00e9rite agricole de Seine-Maritime<\/strong> a organis\u00e9 une visite de la <strong>Bergerie nationale et du ch\u00e2teau de Rambouillet<\/strong>, deux sites embl\u00e9matiques qui t\u00e9moignent du lien \u00e9troit entre histoire, agriculture et territoire.<\/p><p>Fond\u00e9e en <strong>1786 par le roi Louis XVI<\/strong>, la Bergerie nationale avait pour vocation initiale d\u2019am\u00e9liorer les productions agricoles fran\u00e7aises, notamment par l\u2019introduction et le d\u00e9veloppement de la race ovine <strong>m\u00e9rinos<\/strong>. V\u00e9ritable laboratoire agricole avant l\u2019heure, elle symbolise encore aujourd\u2019hui l\u2019ambition d\u2019une agriculture tourn\u00e9e vers l\u2019excellence, l\u2019innovation et la transmission des savoir-faire.<\/p><p>Au fil de la visite, les membres de l\u2019Amicale ont pu d\u00e9couvrir un site unique, \u00e0 la fois <strong>lieu de production, de formation et d\u2019exp\u00e9rimentation<\/strong>, aujourd\u2019hui reconnu pour ses travaux en mati\u00e8re d\u2019<strong>\u00e9levage durable<\/strong>, d\u2019<strong>agro\u00e9cologie<\/strong> et de <strong>sensibilisation aux enjeux agricoles et alimentaires<\/strong>. La Bergerie nationale illustre parfaitement la capacit\u00e9 du monde agricole \u00e0 \u00e9voluer, \u00e0 s\u2019adapter et \u00e0 anticiper les d\u00e9fis contemporains.<\/p>\t\t\t\t\t\t\t\t<\/div>\n\t\t\t\t\t<\/div>\n\t\t\t\t<\/div>\n\t\t<div class=\"elementor-element elementor-element-4961c4f e-flex e-con-boxed e-con e-parent\" data-id=\"4961c4f\" data-element_type=\"container\" data-settings=\"{&quot;background_background&quot;:&quot;classic&quot;}\">\n\t\t\t\t\t<div class=\"e-con-inner\">\n\t\t<div class=\"elementor-element elementor-element-06db081 e-con-full e-flex e-con e-child\" data-id=\"06db081\" data-element_type=\"container\">\n\t\t\t\t<div class=\"elementor-element elementor-element-cf3c6b5 elementor-widget elementor-widget-text-editor\" data-id=\"cf3c6b5\" data-element_type=\"widget\" data-widget_type=\"text-editor.default\">\n\t\t\t\t\t\t\t\t\t<p>La visite s\u2019est poursuivie par la d\u00e9couverte du <strong>ch\u00e2teau de Rambouillet<\/strong>, haut lieu du patrimoine national, \u00e9troitement li\u00e9 \u00e0 l\u2019histoire politique, agricole et diplomatique de la France. R\u00e9sidence royale, puis pr\u00e9sidentielle, le ch\u00e2teau a accueilli de nombreuses figures marquantes de l\u2019histoire et a \u00e9t\u00e9 le th\u00e9\u00e2tre de d\u00e9cisions majeures, notamment en lien avec le d\u00e9veloppement rural et l\u2019am\u00e9nagement du territoire.<\/p><p>\u00a0<\/p><p>Cette double visite a permis de mettre en lumi\u00e8re la <strong>compl\u00e9mentarit\u00e9 entre patrimoine agricole et patrimoine institutionnel<\/strong>, rappelant combien l\u2019agriculture a toujours occup\u00e9 une place centrale dans l\u2019histoire et le rayonnement de la France. Elle fait \u00e9galement \u00e9cho aux valeurs port\u00e9es par l\u2019<strong>Ordre du M\u00e9rite agricole<\/strong> : reconnaissance de l\u2019engagement, transmission des savoirs et valorisation des femmes et des hommes qui \u0153uvrent au service de l\u2019int\u00e9r\u00eat g\u00e9n\u00e9ral.<\/p>\t\t\t\t\t\t\t\t<\/div>\n\t\t\t\t<\/div>\n\t\t<div class=\"elementor-element elementor-element-d80bb37 e-con-full e-flex e-con e-child\" data-id=\"d80bb37\" data-element_type=\"container\" data-settings=\"{&quot;background_background&quot;:&quot;slideshow&quot;,&quot;background_slideshow_gallery&quot;:[{&quot;id&quot;:880,&quot;url&quot;:&quot;http:\\\/\\\/www.amicale-meriteagricole76.org\\\/wp-content\\\/uploads\\\/2026\\\/01\\\/b47eca1fdf50-Chateau-de-Rambouilet_2.webp.webp&quot;}],&quot;background_slideshow_loop&quot;:&quot;yes&quot;,&quot;background_slideshow_slide_duration&quot;:5000,&quot;background_slideshow_slide_transition&quot;:&quot;fade&quot;,&quot;background_slideshow_transition_duration&quot;:500}\">\n\t\t\t\t<\/div>\n\t\t\t\t\t<\/div>\n\t\t\t\t<\/div>\n\t\t<div class=\"elementor-element elementor-element-6ca16d1 e-flex e-con-boxed e-con e-parent\" data-id=\"6ca16d1\" data-element_type=\"container\">\n\t\t\t\t\t<div class=\"e-con-inner\">\n\t\t\t\t<div class=\"elementor-element elementor-element-7f7dcfb elementor-widget elementor-widget-image\" data-id=\"7f7dcfb\" data-element_type=\"widget\" data-widget_type=\"image.default\">\n\t\t\t\t\t\t\t\t\t\t\t\t\t\t\t<img decoding=\"async\" width=\"800\" height=\"360\" src=\"https:\/\/www.amicale-meriteagricole76.org\/wp-content\/uploads\/2026\/01\/20250626_154621-1024x461.jpg\" class=\"attachment-large size-large wp-image-927\" alt=\"\" srcset=\"https:\/\/www.amicale-meriteagricole76.org\/wp-content\/uploads\/2026\/01\/20250626_154621-1024x461.jpg 1024w, https:\/\/www.amicale-meriteagricole76.org\/wp-content\/uploads\/2026\/01\/20250626_154621-300x135.jpg 300w, https:\/\/www.amicale-meriteagricole76.org\/wp-content\/uploads\/2026\/01\/20250626_154621-768x346.jpg 768w, https:\/\/www.amicale-meriteagricole76.org\/wp-content\/uploads\/2026\/01\/20250626_154621-1536x691.jpg 1536w, https:\/\/www.amicale-meriteagricole76.org\/wp-content\/uploads\/2026\/01\/20250626_154621-2048x922.jpg 2048w\" sizes=\"(max-width: 800px) 100vw, 800px\" \/>\t\t\t\t\t\t\t\t\t\t\t\t\t\t\t<\/div>\n\t\t\t\t<div class=\"elementor-element elementor-element-f8d58ce elementor-widget elementor-widget-text-editor\" data-id=\"f8d58ce\" data-element_type=\"widget\" data-widget_type=\"text-editor.default\">\n\t\t\t\t\t\t\t\t\t<p>Au-del\u00e0 de la dimension historique et technique, cette journ\u00e9e a \u00e9t\u00e9 marqu\u00e9e par des <strong>\u00e9changes riches et conviviaux<\/strong> entre les membres de l\u2019Amicale, renfor\u00e7ant les liens et le sens de l\u2019engagement collectif. Elle illustre pleinement la mission de l\u2019Amicale du M\u00e9rite agricole de Seine-Maritime : <strong>faire vivre les valeurs de l\u2019Ordre, favoriser les rencontres et contribuer au rayonnement de l\u2019agriculture sur les territoires<\/strong>.<\/p><p>\u00a0<\/p><p>L\u2019Amicale remercie chaleureusement les \u00e9quipes de la Bergerie nationale et du ch\u00e2teau de Rambouillet pour leur accueil et la qualit\u00e9 des \u00e9changes. Cette visite s\u2019inscrit dans une dynamique plus large visant \u00e0 <strong>relier histoire, pr\u00e9sent et avenir de l\u2019agriculture fran\u00e7aise<\/strong>, au service des territoires et de ceux qui les font vivre.<\/p>\t\t\t\t\t\t\t\t<\/div>\n\t\t\t\t\t<\/div>\n\t\t\t\t<\/div>\n\t\t<div class=\"elementor-element elementor-element-18d8883 e-flex e-con-boxed e-con e-parent\" data-id=\"18d8883\" data-element_type=\"container\">\n\t\t\t\t\t<div class=\"e-con-inner\">\n\t\t\t\t\t<\/div>\n\t\t\t\t<\/div>\n\t\t\t\t<\/div>\n\t\t","protected":false},"excerpt":{"rendered":"<p>26 JUIN 2025 Visite de la Bergerie nationale et du ch\u00e2teau de Rambouillet Entre patrimoine, excellence agricole et transmission Dans le cadre de ses actions, l\u2019Amicale du M\u00e9rite agricole de Seine-Maritime a organis\u00e9 une visite de la Bergerie nationale et du ch\u00e2teau de Rambouillet, deux sites embl\u00e9matiques qui t\u00e9moignent du lien \u00e9troit entre histoire, agriculture [&hellip;]<\/p>\n","protected":false},"author":1,"featured_media":0,"parent":0,"menu_order":0,"comment_status":"closed","ping_status":"closed","template":"","meta":{"footnotes":""},"class_list":["post-859","page","type-page","status-publish","hentry"],"_links":{"self":[{"href":"https:\/\/www.amicale-meriteagricole76.org\/index.php\/wp-json\/wp\/v2\/pages\/859","targetHints":{"allow":["GET"]}}],"collection":[{"href":"https:\/\/www.amicale-meriteagricole76.org\/index.php\/wp-json\/wp\/v2\/pages"}],"about":[{"href":"https:\/\/www.amicale-meriteagricole76.org\/index.php\/wp-json\/wp\/v2\/types\/page"}],"author":[{"embeddable":true,"href":"https:\/\/www.amicale-meriteagricole76.org\/index.php\/wp-json\/wp\/v2\/users\/1"}],"replies":[{"embeddable":true,"href":"https:\/\/www.amicale-meriteagricole76.org\/index.php\/wp-json\/wp\/v2\/comments?post=859"}],"version-history":[{"count":31,"href":"https:\/\/www.amicale-meriteagricole76.org\/index.php\/wp-json\/wp\/v2\/pages\/859\/revisions"}],"predecessor-version":[{"id":930,"href":"https:\/\/www.amicale-meriteagricole76.org\/index.php\/wp-json\/wp\/v2\/pages\/859\/revisions\/930"}],"wp:attachment":[{"href":"https:\/\/www.amicale-meriteagricole76.org\/index.php\/wp-json\/wp\/v2\/media?parent=859"}],"curies":[{"name":"wp","href":"https:\/\/api.w.org\/{rel}","templated":true}]}}

Article &#8211; Visite de la Bergerie nationale et du château de Rambouillet

<div data-elementor-type="wp-page" data-elementor-id="859" class="elementor elementor-859" data-elementor-post-type="page">
				<div class="elementor-element elementor-element-d493fd6 e-flex e-con-boxed e-con e-parent" data-id="d493fd6" data-element_type="container">
					<div class="e-con-inner">
		<div class="elementor-element elementor-element-9143d91 e-con-full e-flex e-con e-child" data-id="9143d91" data-element_type="container">
				<div class="elementor-element elementor-element-9305f41 elementor-widget__width-initial elementor-widget elementor-widget-heading" data-id="9305f41" data-element_type="widget" data-widget_type="heading.default">
					<h2 class="elementor-heading-title elementor-size-default">26 JUIN 2025</h2>				</div>
				<div class="elementor-element elementor-element-ac76ff6 elementor-widget-mobile__width-initial elementor-widget-divider--view-line elementor-widget elementor-widget-divider" data-id="ac76ff6" data-element_type="widget" data-widget_type="divider.default">
							<div class="elementor-divider">
			<span class="elementor-divider-separator">
						</span>
		</div>
						</div>
				</div>
					</div>
				</div>
		<div class="elementor-element elementor-element-1e0a5df e-flex e-con-boxed e-con e-parent" data-id="1e0a5df" data-element_type="container">
					<div class="e-con-inner">
				<div class="elementor-element elementor-element-5628c0f elementor-widget elementor-widget-heading" data-id="5628c0f" data-element_type="widget" data-widget_type="heading.default">
					<h2 class="elementor-heading-title elementor-size-default">Visite de la Bergerie nationale</h2>				</div>
				<div class="elementor-element elementor-element-4efb4fe elementor-widget__width-initial elementor-widget elementor-widget-heading" data-id="4efb4fe" data-element_type="widget" data-widget_type="heading.default">
					<h2 class="elementor-heading-title elementor-size-default">et du château de Rambouillet</h2>				</div>
				<div class="elementor-element elementor-element-9208e48 elementor-widget elementor-widget-spacer" data-id="9208e48" data-element_type="widget" data-widget_type="spacer.default">
							<div class="elementor-spacer">
			<div class="elementor-spacer-inner"></div>
		</div>
						</div>
				<div class="elementor-element elementor-element-23bbf59 elementor-widget elementor-widget-image" data-id="23bbf59" data-element_type="widget" data-widget_type="image.default">
															<img fetchpriority="high" decoding="async" width="800" height="534" src="https://www.amicale-meriteagricole76.org/wp-content/uploads/2026/01/merinos_porche-1024x683-1.jpg" class="attachment-large size-large wp-image-879" alt="" srcset="https://www.amicale-meriteagricole76.org/wp-content/uploads/2026/01/merinos_porche-1024x683-1.jpg 1024w, https://www.amicale-meriteagricole76.org/wp-content/uploads/2026/01/merinos_porche-1024x683-1-300x200.jpg 300w, https://www.amicale-meriteagricole76.org/wp-content/uploads/2026/01/merinos_porche-1024x683-1-768x512.jpg 768w" sizes="(max-width: 800px) 100vw, 800px" />															</div>
				<div class="elementor-element elementor-element-7dcba36 elementor-widget elementor-widget-heading" data-id="7dcba36" data-element_type="widget" data-widget_type="heading.default">
					<h3 class="elementor-heading-title elementor-size-default">Entre patrimoine, excellence agricole et transmission</h3>				</div>
				<div class="elementor-element elementor-element-084f10e elementor-widget elementor-widget-text-editor" data-id="084f10e" data-element_type="widget" data-widget_type="text-editor.default">
									<p>Dans le cadre de ses actions, l’<strong>Amicale du Mérite agricole de Seine-Maritime</strong> a organisé une visite de la <strong>Bergerie nationale et du château de Rambouillet</strong>, deux sites emblématiques qui témoignent du lien étroit entre histoire, agriculture et territoire.</p><p>Fondée en <strong>1786 par le roi Louis XVI</strong>, la Bergerie nationale avait pour vocation initiale d’améliorer les productions agricoles françaises, notamment par l’introduction et le développement de la race ovine <strong>mérinos</strong>. Véritable laboratoire agricole avant l’heure, elle symbolise encore aujourd’hui l’ambition d’une agriculture tournée vers l’excellence, l’innovation et la transmission des savoir-faire.</p><p>Au fil de la visite, les membres de l’Amicale ont pu découvrir un site unique, à la fois <strong>lieu de production, de formation et d’expérimentation</strong>, aujourd’hui reconnu pour ses travaux en matière d’<strong>élevage durable</strong>, d’<strong>agroécologie</strong> et de <strong>sensibilisation aux enjeux agricoles et alimentaires</strong>. La Bergerie nationale illustre parfaitement la capacité du monde agricole à évoluer, à s’adapter et à anticiper les défis contemporains.</p>								</div>
					</div>
				</div>
		<div class="elementor-element elementor-element-4961c4f e-flex e-con-boxed e-con e-parent" data-id="4961c4f" data-element_type="container" data-settings="{&quot;background_background&quot;:&quot;classic&quot;}">
					<div class="e-con-inner">
		<div class="elementor-element elementor-element-06db081 e-con-full e-flex e-con e-child" data-id="06db081" data-element_type="container">
				<div class="elementor-element elementor-element-cf3c6b5 elementor-widget elementor-widget-text-editor" data-id="cf3c6b5" data-element_type="widget" data-widget_type="text-editor.default">
									<p>La visite s’est poursuivie par la découverte du <strong>château de Rambouillet</strong>, haut lieu du patrimoine national, étroitement lié à l’histoire politique, agricole et diplomatique de la France. Résidence royale, puis présidentielle, le château a accueilli de nombreuses figures marquantes de l’histoire et a été le théâtre de décisions majeures, notamment en lien avec le développement rural et l’aménagement du territoire.</p><p> </p><p>Cette double visite a permis de mettre en lumière la <strong>complémentarité entre patrimoine agricole et patrimoine institutionnel</strong>, rappelant combien l’agriculture a toujours occupé une place centrale dans l’histoire et le rayonnement de la France. Elle fait également écho aux valeurs portées par l’<strong>Ordre du Mérite agricole</strong> : reconnaissance de l’engagement, transmission des savoirs et valorisation des femmes et des hommes qui œuvrent au service de l’intérêt général.</p>								</div>
				</div>
		<div class="elementor-element elementor-element-d80bb37 e-con-full e-flex e-con e-child" data-id="d80bb37" data-element_type="container" data-settings="{&quot;background_background&quot;:&quot;slideshow&quot;,&quot;background_slideshow_gallery&quot;:[{&quot;id&quot;:880,&quot;url&quot;:&quot;http:\/\/www.amicale-meriteagricole76.org\/wp-content\/uploads\/2026\/01\/b47eca1fdf50-Chateau-de-Rambouilet_2.webp.webp&quot;}],&quot;background_slideshow_loop&quot;:&quot;yes&quot;,&quot;background_slideshow_slide_duration&quot;:5000,&quot;background_slideshow_slide_transition&quot;:&quot;fade&quot;,&quot;background_slideshow_transition_duration&quot;:500}">
				</div>
					</div>
				</div>
		<div class="elementor-element elementor-element-6ca16d1 e-flex e-con-boxed e-con e-parent" data-id="6ca16d1" data-element_type="container">
					<div class="e-con-inner">
				<div class="elementor-element elementor-element-7f7dcfb elementor-widget elementor-widget-image" data-id="7f7dcfb" data-element_type="widget" data-widget_type="image.default">
															<img decoding="async" width="800" height="360" src="https://www.amicale-meriteagricole76.org/wp-content/uploads/2026/01/20250626_154621-1024x461.jpg" class="attachment-large size-large wp-image-927" alt="" srcset="https://www.amicale-meriteagricole76.org/wp-content/uploads/2026/01/20250626_154621-1024x461.jpg 1024w, https://www.amicale-meriteagricole76.org/wp-content/uploads/2026/01/20250626_154621-300x135.jpg 300w, https://www.amicale-meriteagricole76.org/wp-content/uploads/2026/01/20250626_154621-768x346.jpg 768w, https://www.amicale-meriteagricole76.org/wp-content/uploads/2026/01/20250626_154621-1536x691.jpg 1536w, https://www.amicale-meriteagricole76.org/wp-content/uploads/2026/01/20250626_154621-2048x922.jpg 2048w" sizes="(max-width: 800px) 100vw, 800px" />															</div>
				<div class="elementor-element elementor-element-f8d58ce elementor-widget elementor-widget-text-editor" data-id="f8d58ce" data-element_type="widget" data-widget_type="text-editor.default">
									<p>Au-delà de la dimension historique et technique, cette journée a été marquée par des <strong>échanges riches et conviviaux</strong> entre les membres de l’Amicale, renforçant les liens et le sens de l’engagement collectif. Elle illustre pleinement la mission de l’Amicale du Mérite agricole de Seine-Maritime : <strong>faire vivre les valeurs de l’Ordre, favoriser les rencontres et contribuer au rayonnement de l’agriculture sur les territoires</strong>.</p><p> </p><p>L’Amicale remercie chaleureusement les équipes de la Bergerie nationale et du château de Rambouillet pour leur accueil et la qualité des échanges. Cette visite s’inscrit dans une dynamique plus large visant à <strong>relier histoire, présent et avenir de l’agriculture française</strong>, au service des territoires et de ceux qui les font vivre.</p>								</div>
					</div>
				</div>
		<div class="elementor-element elementor-element-18d8883 e-flex e-con-boxed e-con e-parent" data-id="18d8883" data-element_type="container">
					<div class="e-con-inner">
					</div>
				</div>
				</div>

<p>26 JUIN 2025 Visite de la Bergerie nationale et du château de Rambouillet Entre patrimoine, excellence agricole et transmission Dans le cadre de ses actions, l’Amicale du Mérite agricole de Seine-Maritime a organisé une visite de la Bergerie nationale et du château de Rambouillet, deux sites emblématiques qui témoignent du lien étroit entre histoire, agriculture [&hellip;]</p>
