{"id":734,"date":"2026-01-18T15:41:26","date_gmt":"2026-01-18T15:41:26","guid":{"rendered":"https:\/\/www.amicale-meriteagricole76.org\/?page_id=734"},"modified":"2026-01-25T12:35:58","modified_gmt":"2026-01-25T12:35:58","slug":"article-assemblee-generale-2025","status":"publish","type":"page","link":"https:\/\/www.amicale-meriteagricole76.org\/index.php\/article-assemblee-generale-2025\/","title":{"rendered":"Article &#8211; Assembl\u00e9e g\u00e9n\u00e9rale 2025"},"content":{"rendered":"\t\t<div data-elementor-type=\"wp-page\" data-elementor-id=\"734\" class=\"elementor elementor-734\" data-elementor-post-type=\"page\">\n\t\t\t\t<div class=\"elementor-element elementor-element-6b420ed e-flex e-con-boxed e-con e-parent\" data-id=\"6b420ed\" data-element_type=\"container\">\n\t\t\t\t\t<div class=\"e-con-inner\">\n\t\t<div class=\"elementor-element elementor-element-5afc8bc e-con-full e-flex e-con e-child\" data-id=\"5afc8bc\" data-element_type=\"container\">\n\t\t\t\t<div class=\"elementor-element elementor-element-39108ae elementor-widget__width-initial elementor-widget elementor-widget-heading\" data-id=\"39108ae\" data-element_type=\"widget\" data-widget_type=\"heading.default\">\n\t\t\t\t\t<h2 class=\"elementor-heading-title elementor-size-default\">9 MAI 2025<\/h2>\t\t\t\t<\/div>\n\t\t\t\t<div class=\"elementor-element elementor-element-b42aa91 elementor-widget-mobile__width-initial elementor-widget-divider--view-line elementor-widget elementor-widget-divider\" data-id=\"b42aa91\" data-element_type=\"widget\" data-widget_type=\"divider.default\">\n\t\t\t\t\t\t\t<div class=\"elementor-divider\">\n\t\t\t<span class=\"elementor-divider-separator\">\n\t\t\t\t\t\t<\/span>\n\t\t<\/div>\n\t\t\t\t\t\t<\/div>\n\t\t\t\t<\/div>\n\t\t\t\t\t<\/div>\n\t\t\t\t<\/div>\n\t\t<div class=\"elementor-element elementor-element-881d942 e-flex e-con-boxed e-con e-parent\" data-id=\"881d942\" data-element_type=\"container\">\n\t\t\t\t\t<div class=\"e-con-inner\">\n\t\t\t\t<div class=\"elementor-element elementor-element-f337e72 elementor-widget elementor-widget-heading\" data-id=\"f337e72\" data-element_type=\"widget\" data-widget_type=\"heading.default\">\n\t\t\t\t\t<h2 class=\"elementor-heading-title elementor-size-default\">Plus de 40 ans au service<\/h2>\t\t\t\t<\/div>\n\t\t\t\t<div class=\"elementor-element elementor-element-edd1922 elementor-widget__width-initial elementor-widget elementor-widget-heading\" data-id=\"edd1922\" data-element_type=\"widget\" data-widget_type=\"heading.default\">\n\t\t\t\t\t<h2 class=\"elementor-heading-title elementor-size-default\">de la promotion du monde agricole<\/h2>\t\t\t\t<\/div>\n\t\t\t\t<div class=\"elementor-element elementor-element-6951cc9 elementor-widget elementor-widget-spacer\" data-id=\"6951cc9\" data-element_type=\"widget\" data-widget_type=\"spacer.default\">\n\t\t\t\t\t\t\t<div class=\"elementor-spacer\">\n\t\t\t<div class=\"elementor-spacer-inner\"><\/div>\n\t\t<\/div>\n\t\t\t\t\t\t<\/div>\n\t\t\t\t<div class=\"elementor-element elementor-element-0a468bf elementor-widget elementor-widget-image\" data-id=\"0a468bf\" data-element_type=\"widget\" data-widget_type=\"image.default\">\n\t\t\t\t\t\t\t\t\t\t\t\t\t\t\t<img fetchpriority=\"high\" decoding=\"async\" width=\"800\" height=\"360\" src=\"https:\/\/www.amicale-meriteagricole76.org\/wp-content\/uploads\/2026\/01\/20250509_1256421-1024x461.jpg\" class=\"attachment-large size-large wp-image-838\" alt=\"\" srcset=\"https:\/\/www.amicale-meriteagricole76.org\/wp-content\/uploads\/2026\/01\/20250509_1256421-1024x461.jpg 1024w, https:\/\/www.amicale-meriteagricole76.org\/wp-content\/uploads\/2026\/01\/20250509_1256421-300x135.jpg 300w, https:\/\/www.amicale-meriteagricole76.org\/wp-content\/uploads\/2026\/01\/20250509_1256421-768x346.jpg 768w, https:\/\/www.amicale-meriteagricole76.org\/wp-content\/uploads\/2026\/01\/20250509_1256421-1536x691.jpg 1536w, https:\/\/www.amicale-meriteagricole76.org\/wp-content\/uploads\/2026\/01\/20250509_1256421-2048x922.jpg 2048w\" sizes=\"(max-width: 800px) 100vw, 800px\" \/>\t\t\t\t\t\t\t\t\t\t\t\t\t\t\t<\/div>\n\t\t\t\t<div class=\"elementor-element elementor-element-465ee66 elementor-widget elementor-widget-heading\" data-id=\"465ee66\" data-element_type=\"widget\" data-widget_type=\"heading.default\">\n\t\t\t\t\t<h3 class=\"elementor-heading-title elementor-size-default\">L\u2019amicale des d\u00e9cor\u00e9s du M\u00e9rite Agricole de Seine-Maritime, fond\u00e9e en 1981, regroupant des cauchois distingu\u00e9s dans l\u2019Ordre du M\u00e9rite Agricole et des sympathisants, a tenu son assembl\u00e9e g\u00e9n\u00e9rale \u00e0 Villers-\u00c9calles le vendredi 9 mai dernier.<\/h3>\t\t\t\t<\/div>\n\t\t\t\t<div class=\"elementor-element elementor-element-35bd9cc elementor-widget elementor-widget-text-editor\" data-id=\"35bd9cc\" data-element_type=\"widget\" data-widget_type=\"text-editor.default\">\n\t\t\t\t\t\t\t\t\t<p><span style=\"font-weight: 400;\">Apr\u00e8s avoir remerci\u00e9 Francis Pr\u00e9vost, deuxi\u00e8me adjoint de la commune, pour son accueil chaleureux en la salle Pasteur, la pr\u00e9sidente de l\u2019amicale, Nicole Lavie, a rappel\u00e9 lors du rapport moral les activit\u00e9s de l\u2019ann\u00e9e \u00e9coul\u00e9e, les projets en cours et a tenu \u00e0 pr\u00e9ciser les objectifs essentiels et les missions de l\u2019association.<\/span><\/p>\t\t\t\t\t\t\t\t<\/div>\n\t\t\t\t\t<\/div>\n\t\t\t\t<\/div>\n\t\t<div class=\"elementor-element elementor-element-2126499 e-flex e-con-boxed e-con e-parent\" data-id=\"2126499\" data-element_type=\"container\" data-settings=\"{&quot;background_background&quot;:&quot;classic&quot;}\">\n\t\t\t\t\t<div class=\"e-con-inner\">\n\t\t<div class=\"elementor-element elementor-element-9d7a53a e-con-full e-flex e-con e-child\" data-id=\"9d7a53a\" data-element_type=\"container\">\n\t\t\t\t<div class=\"elementor-element elementor-element-a5f1bcc elementor-widget elementor-widget-heading\" data-id=\"a5f1bcc\" data-element_type=\"widget\" data-widget_type=\"heading.default\">\n\t\t\t\t\t<h3 class=\"elementor-heading-title elementor-size-default\">Plus qu\u2019un cercle honorifique, l\u2019association est un lieu de solidarit\u00e9, de transmission et de valorisation du monde agricole dans toutes ses \u00e9tats.<\/h3>\t\t\t\t<\/div>\n\t\t\t\t<div class=\"elementor-element elementor-element-262687b elementor-widget elementor-widget-text-editor\" data-id=\"262687b\" data-element_type=\"widget\" data-widget_type=\"text-editor.default\">\n\t\t\t\t\t\t\t\t\t<p><span style=\"font-weight: 400;\">L\u2019un de ses objectifs essentiels est de renforcer les liens entre ses membres : mieux se conna\u00eetre, s\u2019entraider, et veiller sur ceux que la vie fragilise. L\u2019amicale accompagne ses adh\u00e9rents dans les moments forts comme dans les plus d\u00e9licats, en apportant \u00e9coute, soutien ou aide mat\u00e9rielle. Elle propose aussi aux services de l\u2019\u00c9tat des candidatures de personnes m\u00e9ritantes, issues du monde agricole ou des fili\u00e8res associ\u00e9es, pour l\u2019attribution de la m\u00e9daille.<\/span><\/p><p>\u00a0<\/p><p><span style=\"font-weight: 400;\">Fid\u00e8le \u00e0 ses racines rurales, l\u2019amicale \u0153uvre pour faire mieux conna\u00eetre les m\u00e9tiers de l\u2019agriculture, de l\u2019alimentation, de la for\u00eat ou encore de l\u2019environnement. Elle valorise les parcours engag\u00e9s, les savoir-faire locaux, et contribue activement \u00e0 tisser des liens avec d\u2019autres sph\u00e8res de la soci\u00e9t\u00e9, notamment l\u2019enseignement agricole, les institutions locales ou le tissu associatif.<\/span><\/p><p>\u00a0<\/p><p><span style=\"font-weight: 400;\">Implant\u00e9e au c\u0153ur du d\u00e9partement, l\u2019amicale soutient \u00e9galement ceux qui souhaitent s\u2019installer en agriculture sur le territoire, \u00e0 travers un accompagnement concret, y compris financier. Elle participe aussi \u00e0 des actions d\u2019int\u00e9r\u00eat g\u00e9n\u00e9ral : dons, entraide, soutien \u00e0 des associations caritatives ou initiatives en faveur des personnes en situation de fragilit\u00e9 ou de handicap.<\/span><\/p><p>\u00a0<\/p><p><span style=\"font-weight: 400;\">Fi\u00e8re de ses membres et de leur engagement, l\u2019amicale porte haut les valeurs de responsabilit\u00e9, d\u2019entraide et de transmission qui fondent l\u2019esprit du M\u00e9rite agricole.<\/span><\/p>\t\t\t\t\t\t\t\t<\/div>\n\t\t\t\t<\/div>\n\t\t\t\t\t<\/div>\n\t\t\t\t<\/div>\n\t\t<div class=\"elementor-element elementor-element-85c6b15 e-flex e-con-boxed e-con e-parent\" data-id=\"85c6b15\" data-element_type=\"container\">\n\t\t\t\t\t<div class=\"e-con-inner\">\n\t\t\t\t<div class=\"elementor-element elementor-element-83718f1 elementor-widget elementor-widget-text-editor\" data-id=\"83718f1\" data-element_type=\"widget\" data-widget_type=\"text-editor.default\">\n\t\t\t\t\t\t\t\t\t<p><span style=\"font-weight: 400;\">Parmi les activit\u00e9s 2024, l\u2019amicale a organis\u00e9 la visite \u00e0 Royville d\u2019une fabrique de balais traditionnels et mythiques en paille de sorgho avec un souffle de modernit\u00e9. La visite anim\u00e9e par les propri\u00e9taires des lieux, Marie-Laure et Arnaud Gabriel fut l\u2019occasion de d\u00e9couvrir l\u2019historique de la Balaiterie relevant d\u2019un artisanat des \u00ab\u00a0M\u00e9tiers d\u2019Art\u00a0\u00bb rares en France, les explications de la culture du sorgho en Pays de Caux, la teinture de la paille, la fabrication des balais et balayette sur des machines m\u00e9caniques ancestrales, la visite de l\u2019atelier et de sa collection improbable de balais multicolores conjuguant efficacit\u00e9 et esth\u00e9tisme.<\/span><\/p><p>\u00a0<\/p><p><span style=\"font-weight: 400;\">Au cours de cette journ\u00e9e, les membres se sont promen\u00e9s dans les all\u00e9es du parc du ch\u00e2teau du Mesnil-Geoffroy \u00e0 Ermenouville \u00e0 la d\u00e9couverte de la somptueuse collection de roses, la plus importante de Normandie.\u00a0<\/span><\/p><p>\u00a0<\/p><p><span style=\"font-weight: 400;\">Accueil princier au cours de la visite guid\u00e9e des appartements du rez-de-chauss\u00e9e de la majestueuse demeure des Kayali.\u00a0<\/span><\/p><p>\u00a0<\/p><p><span style=\"font-weight: 400;\">Noblesse oblige\u2026quelques mots sur les codes et les usages du savoir-\u00eatre et du savoir-vivre.<\/span><\/p><p>\u00a0<\/p><p><span style=\"font-weight: 400;\">La ma\u00eetresse de maison, f\u00e9rue des arts de la table du XVIII\u00e8me si\u00e8cle, nous en expliqua toutes ses subtilit\u00e9s.<\/span><\/p><p>\u00a0<\/p><p><span style=\"font-weight: 400;\">La pr\u00e9sidente Nicole Lavie poursuit l\u2019assembl\u00e9 g\u00e9n\u00e9rale sur le projet en cours de r\u00e9flexion port\u00e9 par l\u2019amicale. Celui-ci s\u2019adresse tout particuli\u00e8rement aux jeunes\u00a0avec la cr\u00e9ation d\u2019un Prix annuel et la remise d\u2019une bourse d\u2019\u00e9tudes \u00e0 des \u00e9tudiants m\u00e9ritants de lyc\u00e9es horticoles ou agricoles du d\u00e9partement de Seine-Maritime.<\/span><\/p><p>\u00a0<\/p><p><span style=\"font-weight: 400;\">Enfin, avant de conclure et de partager le traditionnel d\u00e9jeuner \u00e0 l\u2019auberge Tartarin \u00e0 Duclair, Fran\u00e7ois Paquin, tr\u00e9sorier, a pr\u00e9sent\u00e9 \u00e0 l\u2019ensemble des membres le nouveau site internet de l\u2019amicale.<\/span><\/p><p>\u00a0<\/p><p><span style=\"font-weight: 400;\">Les membres se retrouveront tr\u00e8s prochainement lors de leur journ\u00e9e consacr\u00e9e \u00e0 la visite de la Bergerie Nationale du Ch\u00e2teau de RAMBOUILLET.\u00a0<\/span><\/p><p>\u00a0<\/p><p><span style=\"font-weight: 400;\">La Pr\u00e9sidente se tient \u00e0 la disposition de toutes personnes int\u00e9ress\u00e9es par le rayonnement d\u00e9partemental de l\u2019association et d\u2019\u00e9lus locaux souhaitant pr\u00e9senter d\u2019\u00e9ventuels profils de personnes m\u00e9ritantes et ayant rendu des services \u00e0 l\u2019agriculture. Par mail secretariat.adma76@orange.fr.<\/span><\/p>\t\t\t\t\t\t\t\t<\/div>\n\t\t\t\t\t<\/div>\n\t\t\t\t<\/div>\n\t\t\t\t<\/div>\n\t\t","protected":false},"excerpt":{"rendered":"<p>9 MAI 2025 Plus de 40 ans au service de la promotion du monde agricole L\u2019amicale des d\u00e9cor\u00e9s du M\u00e9rite Agricole de Seine-Maritime, fond\u00e9e en 1981, regroupant des cauchois distingu\u00e9s dans l\u2019Ordre du M\u00e9rite Agricole et des sympathisants, a tenu son assembl\u00e9e g\u00e9n\u00e9rale \u00e0 Villers-\u00c9calles le vendredi 9 mai dernier. Apr\u00e8s avoir remerci\u00e9 Francis Pr\u00e9vost, [&hellip;]<\/p>\n","protected":false},"author":1,"featured_media":0,"parent":0,"menu_order":0,"comment_status":"closed","ping_status":"closed","template":"","meta":{"footnotes":""},"class_list":["post-734","page","type-page","status-publish","hentry"],"_links":{"self":[{"href":"https:\/\/www.amicale-meriteagricole76.org\/index.php\/wp-json\/wp\/v2\/pages\/734","targetHints":{"allow":["GET"]}}],"collection":[{"href":"https:\/\/www.amicale-meriteagricole76.org\/index.php\/wp-json\/wp\/v2\/pages"}],"about":[{"href":"https:\/\/www.amicale-meriteagricole76.org\/index.php\/wp-json\/wp\/v2\/types\/page"}],"author":[{"embeddable":true,"href":"https:\/\/www.amicale-meriteagricole76.org\/index.php\/wp-json\/wp\/v2\/users\/1"}],"replies":[{"embeddable":true,"href":"https:\/\/www.amicale-meriteagricole76.org\/index.php\/wp-json\/wp\/v2\/comments?post=734"}],"version-history":[{"count":31,"href":"https:\/\/www.amicale-meriteagricole76.org\/index.php\/wp-json\/wp\/v2\/pages\/734\/revisions"}],"predecessor-version":[{"id":855,"href":"https:\/\/www.amicale-meriteagricole76.org\/index.php\/wp-json\/wp\/v2\/pages\/734\/revisions\/855"}],"wp:attachment":[{"href":"https:\/\/www.amicale-meriteagricole76.org\/index.php\/wp-json\/wp\/v2\/media?parent=734"}],"curies":[{"name":"wp","href":"https:\/\/api.w.org\/{rel}","templated":true}]}}

Article &#8211; Assemblée générale 2025

<div data-elementor-type="wp-page" data-elementor-id="734" class="elementor elementor-734" data-elementor-post-type="page">
				<div class="elementor-element elementor-element-6b420ed e-flex e-con-boxed e-con e-parent" data-id="6b420ed" data-element_type="container">
					<div class="e-con-inner">
		<div class="elementor-element elementor-element-5afc8bc e-con-full e-flex e-con e-child" data-id="5afc8bc" data-element_type="container">
				<div class="elementor-element elementor-element-39108ae elementor-widget__width-initial elementor-widget elementor-widget-heading" data-id="39108ae" data-element_type="widget" data-widget_type="heading.default">
					<h2 class="elementor-heading-title elementor-size-default">9 MAI 2025</h2>				</div>
				<div class="elementor-element elementor-element-b42aa91 elementor-widget-mobile__width-initial elementor-widget-divider--view-line elementor-widget elementor-widget-divider" data-id="b42aa91" data-element_type="widget" data-widget_type="divider.default">
							<div class="elementor-divider">
			<span class="elementor-divider-separator">
						</span>
		</div>
						</div>
				</div>
					</div>
				</div>
		<div class="elementor-element elementor-element-881d942 e-flex e-con-boxed e-con e-parent" data-id="881d942" data-element_type="container">
					<div class="e-con-inner">
				<div class="elementor-element elementor-element-f337e72 elementor-widget elementor-widget-heading" data-id="f337e72" data-element_type="widget" data-widget_type="heading.default">
					<h2 class="elementor-heading-title elementor-size-default">Plus de 40 ans au service</h2>				</div>
				<div class="elementor-element elementor-element-edd1922 elementor-widget__width-initial elementor-widget elementor-widget-heading" data-id="edd1922" data-element_type="widget" data-widget_type="heading.default">
					<h2 class="elementor-heading-title elementor-size-default">de la promotion du monde agricole</h2>				</div>
				<div class="elementor-element elementor-element-6951cc9 elementor-widget elementor-widget-spacer" data-id="6951cc9" data-element_type="widget" data-widget_type="spacer.default">
							<div class="elementor-spacer">
			<div class="elementor-spacer-inner"></div>
		</div>
						</div>
				<div class="elementor-element elementor-element-0a468bf elementor-widget elementor-widget-image" data-id="0a468bf" data-element_type="widget" data-widget_type="image.default">
															<img fetchpriority="high" decoding="async" width="800" height="360" src="https://www.amicale-meriteagricole76.org/wp-content/uploads/2026/01/20250509_1256421-1024x461.jpg" class="attachment-large size-large wp-image-838" alt="" srcset="https://www.amicale-meriteagricole76.org/wp-content/uploads/2026/01/20250509_1256421-1024x461.jpg 1024w, https://www.amicale-meriteagricole76.org/wp-content/uploads/2026/01/20250509_1256421-300x135.jpg 300w, https://www.amicale-meriteagricole76.org/wp-content/uploads/2026/01/20250509_1256421-768x346.jpg 768w, https://www.amicale-meriteagricole76.org/wp-content/uploads/2026/01/20250509_1256421-1536x691.jpg 1536w, https://www.amicale-meriteagricole76.org/wp-content/uploads/2026/01/20250509_1256421-2048x922.jpg 2048w" sizes="(max-width: 800px) 100vw, 800px" />															</div>
				<div class="elementor-element elementor-element-465ee66 elementor-widget elementor-widget-heading" data-id="465ee66" data-element_type="widget" data-widget_type="heading.default">
					<h3 class="elementor-heading-title elementor-size-default">L’amicale des décorés du Mérite Agricole de Seine-Maritime, fondée en 1981, regroupant des cauchois distingués dans l’Ordre du Mérite Agricole et des sympathisants, a tenu son assemblée générale à Villers-Écalles le vendredi 9 mai dernier.</h3>				</div>
				<div class="elementor-element elementor-element-35bd9cc elementor-widget elementor-widget-text-editor" data-id="35bd9cc" data-element_type="widget" data-widget_type="text-editor.default">
									<p><span style="font-weight: 400;">Après avoir remercié Francis Prévost, deuxième adjoint de la commune, pour son accueil chaleureux en la salle Pasteur, la présidente de l’amicale, Nicole Lavie, a rappelé lors du rapport moral les activités de l’année écoulée, les projets en cours et a tenu à préciser les objectifs essentiels et les missions de l’association.</span></p>								</div>
					</div>
				</div>
		<div class="elementor-element elementor-element-2126499 e-flex e-con-boxed e-con e-parent" data-id="2126499" data-element_type="container" data-settings="{&quot;background_background&quot;:&quot;classic&quot;}">
					<div class="e-con-inner">
		<div class="elementor-element elementor-element-9d7a53a e-con-full e-flex e-con e-child" data-id="9d7a53a" data-element_type="container">
				<div class="elementor-element elementor-element-a5f1bcc elementor-widget elementor-widget-heading" data-id="a5f1bcc" data-element_type="widget" data-widget_type="heading.default">
					<h3 class="elementor-heading-title elementor-size-default">Plus qu’un cercle honorifique, l’association est un lieu de solidarité, de transmission et de valorisation du monde agricole dans toutes ses états.</h3>				</div>
				<div class="elementor-element elementor-element-262687b elementor-widget elementor-widget-text-editor" data-id="262687b" data-element_type="widget" data-widget_type="text-editor.default">
									<p><span style="font-weight: 400;">L’un de ses objectifs essentiels est de renforcer les liens entre ses membres : mieux se connaître, s’entraider, et veiller sur ceux que la vie fragilise. L’amicale accompagne ses adhérents dans les moments forts comme dans les plus délicats, en apportant écoute, soutien ou aide matérielle. Elle propose aussi aux services de l’État des candidatures de personnes méritantes, issues du monde agricole ou des filières associées, pour l’attribution de la médaille.</span></p><p> </p><p><span style="font-weight: 400;">Fidèle à ses racines rurales, l’amicale œuvre pour faire mieux connaître les métiers de l’agriculture, de l’alimentation, de la forêt ou encore de l’environnement. Elle valorise les parcours engagés, les savoir-faire locaux, et contribue activement à tisser des liens avec d’autres sphères de la société, notamment l’enseignement agricole, les institutions locales ou le tissu associatif.</span></p><p> </p><p><span style="font-weight: 400;">Implantée au cœur du département, l’amicale soutient également ceux qui souhaitent s’installer en agriculture sur le territoire, à travers un accompagnement concret, y compris financier. Elle participe aussi à des actions d’intérêt général : dons, entraide, soutien à des associations caritatives ou initiatives en faveur des personnes en situation de fragilité ou de handicap.</span></p><p> </p><p><span style="font-weight: 400;">Fière de ses membres et de leur engagement, l’amicale porte haut les valeurs de responsabilité, d’entraide et de transmission qui fondent l’esprit du Mérite agricole.</span></p>								</div>
				</div>
					</div>
				</div>
		<div class="elementor-element elementor-element-85c6b15 e-flex e-con-boxed e-con e-parent" data-id="85c6b15" data-element_type="container">
					<div class="e-con-inner">
				<div class="elementor-element elementor-element-83718f1 elementor-widget elementor-widget-text-editor" data-id="83718f1" data-element_type="widget" data-widget_type="text-editor.default">
									<p><span style="font-weight: 400;">Parmi les activités 2024, l’amicale a organisé la visite à Royville d’une fabrique de balais traditionnels et mythiques en paille de sorgho avec un souffle de modernité. La visite animée par les propriétaires des lieux, Marie-Laure et Arnaud Gabriel fut l’occasion de découvrir l’historique de la Balaiterie relevant d’un artisanat des « Métiers d’Art » rares en France, les explications de la culture du sorgho en Pays de Caux, la teinture de la paille, la fabrication des balais et balayette sur des machines mécaniques ancestrales, la visite de l’atelier et de sa collection improbable de balais multicolores conjuguant efficacité et esthétisme.</span></p><p> </p><p><span style="font-weight: 400;">Au cours de cette journée, les membres se sont promenés dans les allées du parc du château du Mesnil-Geoffroy à Ermenouville à la découverte de la somptueuse collection de roses, la plus importante de Normandie. </span></p><p> </p><p><span style="font-weight: 400;">Accueil princier au cours de la visite guidée des appartements du rez-de-chaussée de la majestueuse demeure des Kayali. </span></p><p> </p><p><span style="font-weight: 400;">Noblesse oblige…quelques mots sur les codes et les usages du savoir-être et du savoir-vivre.</span></p><p> </p><p><span style="font-weight: 400;">La maîtresse de maison, férue des arts de la table du XVIIIème siècle, nous en expliqua toutes ses subtilités.</span></p><p> </p><p><span style="font-weight: 400;">La présidente Nicole Lavie poursuit l’assemblé générale sur le projet en cours de réflexion porté par l’amicale. Celui-ci s’adresse tout particulièrement aux jeunes avec la création d’un Prix annuel et la remise d’une bourse d’études à des étudiants méritants de lycées horticoles ou agricoles du département de Seine-Maritime.</span></p><p> </p><p><span style="font-weight: 400;">Enfin, avant de conclure et de partager le traditionnel déjeuner à l’auberge Tartarin à Duclair, François Paquin, trésorier, a présenté à l’ensemble des membres le nouveau site internet de l’amicale.</span></p><p> </p><p><span style="font-weight: 400;">Les membres se retrouveront très prochainement lors de leur journée consacrée à la visite de la Bergerie Nationale du Château de RAMBOUILLET. </span></p><p> </p><p><span style="font-weight: 400;">La Présidente se tient à la disposition de toutes personnes intéressées par le rayonnement départemental de l’association et d’élus locaux souhaitant présenter d’éventuels profils de personnes méritantes et ayant rendu des services à l’agriculture. Par mail secretariat.adma76@orange.fr.</span></p>								</div>
					</div>
				</div>
				</div>

<p>9 MAI 2025 Plus de 40 ans au service de la promotion du monde agricole L’amicale des décorés du Mérite Agricole de Seine-Maritime, fondée en 1981, regroupant des cauchois distingués dans l’Ordre du Mérite Agricole et des sympathisants, a tenu son assemblée générale à Villers-Écalles le vendredi 9 mai dernier. Après avoir remercié Francis Prévost, [&hellip;]</p>
