{"id":678,"date":"2026-01-18T15:04:05","date_gmt":"2026-01-18T15:04:05","guid":{"rendered":"https:\/\/www.amicale-meriteagricole76.org\/?page_id=678"},"modified":"2026-01-18T15:14:22","modified_gmt":"2026-01-18T15:14:22","slug":"article-assemblee-generale-a-mesnil-panneville-2023","status":"publish","type":"page","link":"https:\/\/www.amicale-meriteagricole76.org\/index.php\/article-assemblee-generale-a-mesnil-panneville-2023\/","title":{"rendered":"Article &#8211; Assembl\u00e9e g\u00e9n\u00e9rale \u00e0 Mesnil Panneville 2023"},"content":{"rendered":"\t\t<div data-elementor-type=\"wp-page\" data-elementor-id=\"678\" class=\"elementor elementor-678\" data-elementor-post-type=\"page\">\n\t\t\t\t<div class=\"elementor-element elementor-element-1dbedb5 e-flex e-con-boxed e-con e-parent\" data-id=\"1dbedb5\" data-element_type=\"container\">\n\t\t\t\t\t<div class=\"e-con-inner\">\n\t\t<div class=\"elementor-element elementor-element-e731bb7 e-con-full e-flex e-con e-child\" data-id=\"e731bb7\" data-element_type=\"container\">\n\t\t\t\t<div class=\"elementor-element elementor-element-3bc1966 elementor-widget__width-initial elementor-widget elementor-widget-heading\" data-id=\"3bc1966\" data-element_type=\"widget\" data-widget_type=\"heading.default\">\n\t\t\t\t\t<h2 class=\"elementor-heading-title elementor-size-default\">25 Mars 2023<\/h2>\t\t\t\t<\/div>\n\t\t\t\t<div class=\"elementor-element elementor-element-13f441e elementor-widget-mobile__width-initial elementor-widget-divider--view-line elementor-widget elementor-widget-divider\" data-id=\"13f441e\" data-element_type=\"widget\" data-widget_type=\"divider.default\">\n\t\t\t\t\t\t\t<div class=\"elementor-divider\">\n\t\t\t<span class=\"elementor-divider-separator\">\n\t\t\t\t\t\t<\/span>\n\t\t<\/div>\n\t\t\t\t\t\t<\/div>\n\t\t\t\t<\/div>\n\t\t\t\t\t<\/div>\n\t\t\t\t<\/div>\n\t\t<div class=\"elementor-element elementor-element-fd50e4e e-flex e-con-boxed e-con e-parent\" data-id=\"fd50e4e\" data-element_type=\"container\">\n\t\t\t\t\t<div class=\"e-con-inner\">\n\t\t\t\t<div class=\"elementor-element elementor-element-68acf7a elementor-widget elementor-widget-heading\" data-id=\"68acf7a\" data-element_type=\"widget\" data-widget_type=\"heading.default\">\n\t\t\t\t\t<h2 class=\"elementor-heading-title elementor-size-default\">Assembl\u00e9e g\u00e9n\u00e9rale<\/h2>\t\t\t\t<\/div>\n\t\t\t\t<div class=\"elementor-element elementor-element-7f0f19f elementor-widget__width-initial elementor-widget elementor-widget-heading\" data-id=\"7f0f19f\" data-element_type=\"widget\" data-widget_type=\"heading.default\">\n\t\t\t\t\t<h2 class=\"elementor-heading-title elementor-size-default\">\u00e0 Mesnil Panneville 2023<\/h2>\t\t\t\t<\/div>\n\t\t\t\t<div class=\"elementor-element elementor-element-ada1ad9 elementor-widget elementor-widget-spacer\" data-id=\"ada1ad9\" data-element_type=\"widget\" data-widget_type=\"spacer.default\">\n\t\t\t\t\t\t\t<div class=\"elementor-spacer\">\n\t\t\t<div class=\"elementor-spacer-inner\"><\/div>\n\t\t<\/div>\n\t\t\t\t\t\t<\/div>\n\t\t\t\t<div class=\"elementor-element elementor-element-6a41eb4 elementor-widget elementor-widget-image\" data-id=\"6a41eb4\" data-element_type=\"widget\" data-widget_type=\"image.default\">\n\t\t\t\t\t\t\t\t\t\t\t\t\t\t\t<img fetchpriority=\"high\" decoding=\"async\" width=\"800\" height=\"450\" src=\"https:\/\/www.amicale-meriteagricole76.org\/wp-content\/uploads\/2026\/01\/photo-AG-Merite-agricole-2023-1024x576.jpg\" class=\"attachment-large size-large wp-image-670\" alt=\"\" srcset=\"https:\/\/www.amicale-meriteagricole76.org\/wp-content\/uploads\/2026\/01\/photo-AG-Merite-agricole-2023-1024x576.jpg 1024w, https:\/\/www.amicale-meriteagricole76.org\/wp-content\/uploads\/2026\/01\/photo-AG-Merite-agricole-2023-300x169.jpg 300w, https:\/\/www.amicale-meriteagricole76.org\/wp-content\/uploads\/2026\/01\/photo-AG-Merite-agricole-2023-768x432.jpg 768w, https:\/\/www.amicale-meriteagricole76.org\/wp-content\/uploads\/2026\/01\/photo-AG-Merite-agricole-2023-1536x864.jpg 1536w, https:\/\/www.amicale-meriteagricole76.org\/wp-content\/uploads\/2026\/01\/photo-AG-Merite-agricole-2023-2048x1152.jpg 2048w\" sizes=\"(max-width: 800px) 100vw, 800px\" \/>\t\t\t\t\t\t\t\t\t\t\t\t\t\t\t<\/div>\n\t\t\t\t<div class=\"elementor-element elementor-element-911fa93 elementor-widget elementor-widget-heading\" data-id=\"911fa93\" data-element_type=\"widget\" data-widget_type=\"heading.default\">\n\t\t\t\t\t<h3 class=\"elementor-heading-title elementor-size-default\">Agriculture. L'Amicale des m\u00e9daill\u00e9s du m\u00e9rite agricole \u00e9tait r\u00e9unie fin mars. C'\u00e9tait l'occasion de faire le point sur l'\u00e9tat de sant\u00e9 du secteur.<\/h3>\t\t\t\t<\/div>\n\t\t\t\t<div class=\"elementor-element elementor-element-4ef6939 elementor-widget elementor-widget-text-editor\" data-id=\"4ef6939\" data-element_type=\"widget\" data-widget_type=\"text-editor.default\">\n\t\t\t\t\t\t\t\t\t<p><span style=\"font-weight: 400;\">La saison des assembl\u00e9es g\u00e9n\u00e9rales est bel et bien ouverte. Samedi 25\u00a0mars, Alain Lopez, maire de Mesnil-Panneville, a eu l&#8217;honneur d&#8217;accueillir \u00e0 9\u00a0h\u00a015 les d\u00e9cor\u00e9s et sympathisants de l&#8217;Amicale des m\u00e9daill\u00e9s du m\u00e9rite agricole pour leurs assembl\u00e9es g\u00e9n\u00e9rales extraordinaire et ordinaire.\u00a0<\/span><a href=\"https:\/\/www.lecourriercauchois.fr\/actualite-296073-pres-de-duclair-nicole-lavie-presidente-de-l-amicale-des-medailles-du-merite-agricole\"><b>Nicole Lavie<\/b><\/a><span style=\"font-weight: 400;\">, pr\u00e9sidente, a pr\u00e9sent\u00e9 la n\u00e9cessaire \u00e9volution des statuts datant de la fondation de l&#8217;amicale afin d&#8217;impulser de nouvelles orientations.<\/span><\/p>\t\t\t\t\t\t\t\t<\/div>\n\t\t\t\t\t<\/div>\n\t\t\t\t<\/div>\n\t\t<div class=\"elementor-element elementor-element-2c60336 e-flex e-con-boxed e-con e-parent\" data-id=\"2c60336\" data-element_type=\"container\" data-settings=\"{&quot;background_background&quot;:&quot;classic&quot;}\">\n\t\t\t\t\t<div class=\"e-con-inner\">\n\t\t<div class=\"elementor-element elementor-element-08d5ad3 e-con-full e-flex e-con e-child\" data-id=\"08d5ad3\" data-element_type=\"container\">\n\t\t\t\t<div class=\"elementor-element elementor-element-a371e10 elementor-widget elementor-widget-heading\" data-id=\"a371e10\" data-element_type=\"widget\" data-widget_type=\"heading.default\">\n\t\t\t\t\t<h3 class=\"elementor-heading-title elementor-size-default\">\"Le m\u00e9tier d'agriculteur, on ne peut au demeurant l'exercer qu'avec passion\"<\/h3>\t\t\t\t<\/div>\n\t\t\t\t<div class=\"elementor-element elementor-element-f465f44 elementor-widget elementor-widget-text-editor\" data-id=\"f465f44\" data-element_type=\"widget\" data-widget_type=\"text-editor.default\">\n\t\t\t\t\t\t\t\t\t<p><span style=\"font-weight: 400;\">S&#8217;en est suivie l&#8217;AG annuelle,\u00a0<\/span><i><span style=\"font-weight: 400;\">&#8220;moment privil\u00e9gi\u00e9 de dialogues et d&#8217;\u00e9changes&#8221;<\/span><\/i><span style=\"font-weight: 400;\">, a soulign\u00e9 la pr\u00e9sidente. Dans son discours, elle a pr\u00e9cis\u00e9\u00a0<\/span><i><span style=\"font-weight: 400;\">&#8220;que le monde agricole a rarement \u00e9t\u00e9 confront\u00e9 \u00e0 autant de fl\u00e9aux en m\u00eame temps&#8221;<\/span><\/i><span style=\"font-weight: 400;\">. Elle a \u00e9voqu\u00e9\u00a0:\u00a0<\/span><i><span style=\"font-weight: 400;\">&#8220;La hausse du co\u00fbt de l&#8217;\u00e9nergie, des mati\u00e8res premi\u00e8res, des engrais, comme celle des intrants (+39\u00a0% en un an\u00a0!)&#8221;.<\/span><\/i><span style=\"font-weight: 400;\">\u00a0Elle a d\u00e9nonc\u00e9\u00a0:<\/span><i><span style=\"font-weight: 400;\">\u00a0&#8220;Les ravages d&#8217;un climat plus erratique que jamais, passant brutalement de p\u00e9riodes de s\u00e9cheresse intense \u00e0 des s\u00e9quences d&#8217;inondations, sans m\u00eame parler des incendies de for\u00eat&#8221;.\u00a0<\/span><\/i><span style=\"font-weight: 400;\">Elle a point\u00e9\u00a0:<\/span><i><span style=\"font-weight: 400;\">\u00a0&#8220;Les difficult\u00e9s end\u00e9miques de notre fili\u00e8re\u00a0: transmettre son exploitation\u00a0; s&#8217;installer pour un jeune agriculteur\u00a0; trouver du foncier disponible pour y investir\u00a0; faire face au durcissement de certaines normes environnementales\u00a0; s&#8217;y retrouver dans le maquis des aides\u2026&#8221;\u00a0<\/span><\/i><span style=\"font-weight: 400;\">Mais la responsable a tenu \u00e0 conclure sur<\/span><i><span style=\"font-weight: 400;\">\u00a0&#8220;une note positive&#8221;.\u00a0<\/span><\/i><span style=\"font-weight: 400;\">Selon elle,\u00a0<\/span><i><span style=\"font-weight: 400;\">&#8220;le m\u00e9tier d&#8217;agriculteur, on ne peut au demeurant l&#8217;exercer qu&#8217;avec passion. Les agriculteurs, les \u00e9leveurs mettent tout en \u0153uvre pour assurer une agriculture innovante, productive, s&#8217;adaptant aux al\u00e9as climatiques, et vertueuse. Chacun \u00e0 leur niveau, et malgr\u00e9 les difficult\u00e9s de la t\u00e2che, ils inventent l&#8217;agriculture de demain&#8221;<\/span><\/i><span style=\"font-weight: 400;\">.<\/span><\/p>\t\t\t\t\t\t\t\t<\/div>\n\t\t\t\t<\/div>\n\t\t<div class=\"elementor-element elementor-element-972af00 e-con-full e-flex e-con e-child\" data-id=\"972af00\" data-element_type=\"container\" data-settings=\"{&quot;background_background&quot;:&quot;slideshow&quot;,&quot;background_slideshow_gallery&quot;:[{&quot;id&quot;:699,&quot;url&quot;:&quot;http:\\\/\\\/www.amicale-meriteagricole76.org\\\/wp-content\\\/uploads\\\/2026\\\/01\\\/296073.webp&quot;}],&quot;background_slideshow_loop&quot;:&quot;yes&quot;,&quot;background_slideshow_slide_duration&quot;:5000,&quot;background_slideshow_slide_transition&quot;:&quot;fade&quot;,&quot;background_slideshow_transition_duration&quot;:500}\">\n\t\t\t\t<\/div>\n\t\t\t\t\t<\/div>\n\t\t\t\t<\/div>\n\t\t<div class=\"elementor-element elementor-element-827b147 e-flex e-con-boxed e-con e-parent\" data-id=\"827b147\" data-element_type=\"container\">\n\t\t\t\t\t<div class=\"e-con-inner\">\n\t\t\t\t<div class=\"elementor-element elementor-element-0c0dc92 elementor-widget elementor-widget-heading\" data-id=\"0c0dc92\" data-element_type=\"widget\" data-widget_type=\"heading.default\">\n\t\t\t\t\t<h3 class=\"elementor-heading-title elementor-size-default\">La terre et la mer<\/h3>\t\t\t\t<\/div>\n\t\t\t\t<div class=\"elementor-element elementor-element-e0d184a elementor-widget elementor-widget-text-editor\" data-id=\"e0d184a\" data-element_type=\"widget\" data-widget_type=\"text-editor.default\">\n\t\t\t\t\t\t\t\t\t<p><span style=\"font-weight: 400;\">Dans son rapport d&#8217;activit\u00e9, Vincent Lecointre, secr\u00e9taire, a eu \u00e0 c\u0153ur de rappeler les actions de 2022. Le\u00a0<\/span><a href=\"https:\/\/www.lecourriercauchois.fr\/actualite-298655-societe-un-benevole-de-la-marine-anime-les-retrouvailles-des-medailles-agricoles\"><b>programme a \u00e9t\u00e9 riche<\/b><\/a><span style=\"font-weight: 400;\">\u00a0mais on y note un moment tout particulier\u00a0: &#8220;<\/span><i><span style=\"font-weight: 400;\">L&#8217;amicale a permis, le 11\u00a0novembre, \u00e0 40 jeunes stagiaires de la pr\u00e9paration militaire marine du\u00a0Havre et au capitaine de vaisseau Olivier Roussille, commandant du porte-h\u00e9licopt\u00e8res de la Marine nationale,\u00a0<\/span><\/i><span style=\"font-weight: 400;\">Le Mistral<\/span><i><span style=\"font-weight: 400;\">, d&#8217;\u00eatre accueillis, \u00e0 Octeville-sur-Mer, dans la ferme de Fran\u00e7ois Leroux, qui n&#8217;est autre que le fils du vice-pr\u00e9sident de l&#8217;amicale G\u00e9rard Leroux. Au programme, les visiteurs ont eu droit \u00e0 une sensibilisation sur l&#8217;\u00e9levage normand et l&#8217;utilisation du mat\u00e9riel agricole. Ce fut un beau t\u00e9moignage illustrant cette volont\u00e9 de coh\u00e9sion et de fraternit\u00e9 entre marins et agriculteurs.&#8221;<\/span><\/i><\/p>\t\t\t\t\t\t\t\t<\/div>\n\t\t\t\t\t<\/div>\n\t\t\t\t<\/div>\n\t\t\t\t<\/div>\n\t\t","protected":false},"excerpt":{"rendered":"<p>25 Mars 2023 Assembl\u00e9e g\u00e9n\u00e9rale \u00e0 Mesnil Panneville 2023 Agriculture. L&#8217;Amicale des m\u00e9daill\u00e9s du m\u00e9rite agricole \u00e9tait r\u00e9unie fin mars. C&#8217;\u00e9tait l&#8217;occasion de faire le point sur l&#8217;\u00e9tat de sant\u00e9 du secteur. La saison des assembl\u00e9es g\u00e9n\u00e9rales est bel et bien ouverte. Samedi 25\u00a0mars, Alain Lopez, maire de Mesnil-Panneville, a eu l&#8217;honneur d&#8217;accueillir \u00e0 9\u00a0h\u00a015 [&hellip;]<\/p>\n","protected":false},"author":1,"featured_media":0,"parent":0,"menu_order":0,"comment_status":"closed","ping_status":"closed","template":"","meta":{"footnotes":""},"class_list":["post-678","page","type-page","status-publish","hentry"],"_links":{"self":[{"href":"https:\/\/www.amicale-meriteagricole76.org\/index.php\/wp-json\/wp\/v2\/pages\/678","targetHints":{"allow":["GET"]}}],"collection":[{"href":"https:\/\/www.amicale-meriteagricole76.org\/index.php\/wp-json\/wp\/v2\/pages"}],"about":[{"href":"https:\/\/www.amicale-meriteagricole76.org\/index.php\/wp-json\/wp\/v2\/types\/page"}],"author":[{"embeddable":true,"href":"https:\/\/www.amicale-meriteagricole76.org\/index.php\/wp-json\/wp\/v2\/users\/1"}],"replies":[{"embeddable":true,"href":"https:\/\/www.amicale-meriteagricole76.org\/index.php\/wp-json\/wp\/v2\/comments?post=678"}],"version-history":[{"count":25,"href":"https:\/\/www.amicale-meriteagricole76.org\/index.php\/wp-json\/wp\/v2\/pages\/678\/revisions"}],"predecessor-version":[{"id":708,"href":"https:\/\/www.amicale-meriteagricole76.org\/index.php\/wp-json\/wp\/v2\/pages\/678\/revisions\/708"}],"wp:attachment":[{"href":"https:\/\/www.amicale-meriteagricole76.org\/index.php\/wp-json\/wp\/v2\/media?parent=678"}],"curies":[{"name":"wp","href":"https:\/\/api.w.org\/{rel}","templated":true}]}}